{"id":294,"date":"2013-12-15T16:36:51","date_gmt":"2013-12-15T14:36:51","guid":{"rendered":"http:\/\/4blutgruppen.metapublic.com\/?page_id=294"},"modified":"2014-02-12T22:19:10","modified_gmt":"2014-02-12T20:19:10","slug":"giftige-chemikalien-im-menschlichen-koerper","status":"publish","type":"page","link":"https:\/\/www.4blutgruppen.de\/?page_id=294","title":{"rendered":"Giftige Chemikalien im menschlichen K\u00f6rper"},"content":{"rendered":"<p><strong><span style=\"color: #0000ff;\">Giftige Chemikalien sind allgemein verbreitet im menschlichen K\u00f6rper<\/span><\/strong><\/p>\n<p>Studie: Der Test zeigt Spuren von Substanzen in Studienteilnehmern.<br \/>\nZeitschrift: Environmental Working Group<br \/>\nAutoren: Jane Houlihan<\/p>\n<p><strong><span style=\"color: #0000ff;\">Zusammenfassung<br \/>\n<\/span><\/strong>Als Wissenschaftler Stichproben von Andrea Martins Blut und Urin nahmen, um festzustellen, welche Giftstoffe sie aus der Welt um sich herum aufnahm, waren sie \u00fcberrascht. &#8222;Ich hatte 95 chemische Verunreinigungen in meinem kleinen K\u00f6rper. Es war sehr erstaunlich.&#8220; sagte Martin. Die Testergebnisse zeigen, dass wir alle winzige Mengen einer erstaunlichen Anzahl von Chemikalien aufnehmen, die bekannterweise in gr\u00f6\u00dferer Dosierung gef\u00e4hrlich sind.<\/p>\n<p><span style=\"color: #0000ff;\"><strong>Kommentar:<\/strong><\/span><\/p>\n<p>Martin und acht andere wurden von Mt. Sinai School of Medicine in New York und einer Hilfsorganisation namens Environmental Working Group (Umwelt-Arbeitsgruppe) getestet.<\/p>\n<p>Im Durchschnitt hatten die neun Teilnehmer Spuren von 53 Chemikalien, die zu Krebs bei menschlichen oder tierischen Tests f\u00fchren. Dar\u00fcber hinaus hatten sie durchschnittlich 62 Chemikalien, die giftig f\u00fcr das Gehirn oder Nervensystem waren, plus 55 die mit Geburtssch\u00e4den assoziiert wurden.<\/p>\n<p>Die Wissenschaftler fanden keine einzige Substanz in einer Menge die die Regierung als ungesund beschreibt, sie sagten aber, dass die schiere Anzahl der Chemikalien zerm\u00fcrbend war, vor allem angesichts der Unsicherheit \u00fcber die gesundheitlichen Auswirkungen aufgrund der Anzahl von Chemikalien<\/p>\n<p>&#8222;Dies ist ein unwiderlegbarer Beweis, dass die Menschen in ihrem K\u00f6rper Partikel von industriellen Schadstoffen tragen, von denen die meisten davon vor 75 Jahren noch nicht existierten&#8220;, sagte Jane Houlihan, Co-Autor der Studie.<\/p>\n<p>Wissenschaftler haben Chemikalien namens Pthalates, die bekanntlich Geburtsfehler bei Tieren verursachen, in vielen K\u00f6rperpflegeprodukten wie Make-up, Haarspray, Seife und auch Frischhaltefolie gefunden.<\/p>\n<p>In den K\u00f6rpern der Teilnehmer fanden sie auch noch andere Chemikalien, die das Nervensystem angreifen, einschlie\u00dflich: Aceton in Nagellack, synthetische Duftstoffe in Parf\u00fcms und Seifen, Gifte in Unkrautvernichtungsmittel und Insektensprays, Perchlorat Ethylen in Reinigern, Zylene in Farben, die auch zu Organsch\u00e4den f\u00fchren k\u00f6nnen.<\/p>\n<p>F\u00fcr diejenigen, die die Absicht haben sogar Spuren von giftigen Chemikalien zu vermeiden, schlagen die Autoren der Studie vor, Bioprodukte zu essen, fetthaltige Lebensmittel zu minimieren, da Chemikalien sich auf K\u00f6rperfett konzentrieren, Minimierung des Einsatzes von Beauty-Produkten, Vermeidung von Fleckentfernern und Vermeidung von Fisch und Meeresfr\u00fcchten, von denen bekannt ist, dass sie eine hohe Quecksilberbelastung haben.<\/p>\n<p>Diese Vorsichtsma\u00dfnahmen k\u00f6nnen mehr Schwierigkeiten verursachen, und nicht jeder ist bereit, sorgsam damit umzugehen, aber die verantwortlichen Wissenschaftler der Studie sagen, es ist verbl\u00fcffend, wie viele potenziell giftige Chemikalien in unseren K\u00f6rper hineinkommen.<\/p>\n<p>&nbsp;<\/p>\n<p>Quelle: https:\/\/www.dadamo.com<\/p>\n","protected":false},"excerpt":{"rendered":"<p>Giftige Chemikalien sind allgemein verbreitet im menschlichen K\u00f6rper Studie: Der Test zeigt Spuren von Substanzen in Studienteilnehmern. Zeitschrift: Environmental Working Group Autoren: Jane Houlihan Zusammenfassung Als Wissenschaftler Stichproben von Andrea Martins Blut und Urin nahmen, um festzustellen, welche Giftstoffe sie &hellip;<\/p>\n<p class=\"read-more\"> <a class=\"more-link\" href=\"https:\/\/www.4blutgruppen.de\/?page_id=294\"> <span class=\"screen-reader-text\">Giftige Chemikalien im menschlichen K\u00f6rper<\/span> Read More &raquo;<\/a><\/p>\n","protected":false},"author":3,"featured_media":0,"parent":0,"menu_order":0,"comment_status":"closed","ping_status":"open","template":"content-sidebar-page.php","meta":{"footnotes":""},"class_list":["post-294","page","type-page","status-publish","hentry"],"_links":{"self":[{"href":"https:\/\/www.4blutgruppen.de\/index.php?rest_route=\/wp\/v2\/pages\/294","targetHints":{"allow":["GET"]}}],"collection":[{"href":"https:\/\/www.4blutgruppen.de\/index.php?rest_route=\/wp\/v2\/pages"}],"about":[{"href":"https:\/\/www.4blutgruppen.de\/index.php?rest_route=\/wp\/v2\/types\/page"}],"author":[{"embeddable":true,"href":"https:\/\/www.4blutgruppen.de\/index.php?rest_route=\/wp\/v2\/users\/3"}],"replies":[{"embeddable":true,"href":"https:\/\/www.4blutgruppen.de\/index.php?rest_route=%2Fwp%2Fv2%2Fcomments&post=294"}],"version-history":[{"count":1,"href":"https:\/\/www.4blutgruppen.de\/index.php?rest_route=\/wp\/v2\/pages\/294\/revisions"}],"predecessor-version":[{"id":930,"href":"https:\/\/www.4blutgruppen.de\/index.php?rest_route=\/wp\/v2\/pages\/294\/revisions\/930"}],"wp:attachment":[{"href":"https:\/\/www.4blutgruppen.de\/index.php?rest_route=%2Fwp%2Fv2%2Fmedia&parent=294"}],"curies":[{"name":"wp","href":"https:\/\/api.w.org\/{rel}","templated":true}]}}