{"id":2099,"date":"2022-02-02T18:56:41","date_gmt":"2022-02-02T16:56:41","guid":{"rendered":"https:\/\/www.4blutgruppen.de\/?page_id=2099"},"modified":"2022-02-02T20:46:21","modified_gmt":"2022-02-02T18:46:21","slug":"c-virus","status":"publish","type":"page","link":"https:\/\/www.4blutgruppen.de\/?page_id=2099","title":{"rendered":"Covid-Virus"},"content":{"rendered":"\n<p>Auf den Unterseiten findet Ihr den von Peter D\u00b4Adamo auf seiner Webseite ver\u00f6ffentlichten Blog zum Thema Corona. <\/p>\n\n\n\n<p>Die Unterseiten wurden gro\u00dfteils mit einem \u00dcbersetzungsprogramm \u00fcbersetzt.<\/p>\n","protected":false},"excerpt":{"rendered":"<p>Auf den Unterseiten findet Ihr den von Peter D\u00b4Adamo auf seiner Webseite ver\u00f6ffentlichten Blog zum Thema Corona. Die Unterseiten wurden gro\u00dfteils mit einem \u00dcbersetzungsprogramm \u00fcbersetzt.<\/p>\n","protected":false},"author":3,"featured_media":0,"parent":0,"menu_order":0,"comment_status":"closed","ping_status":"closed","template":"","meta":{"footnotes":""},"class_list":["post-2099","page","type-page","status-publish","hentry"],"_links":{"self":[{"href":"https:\/\/www.4blutgruppen.de\/index.php?rest_route=\/wp\/v2\/pages\/2099","targetHints":{"allow":["GET"]}}],"collection":[{"href":"https:\/\/www.4blutgruppen.de\/index.php?rest_route=\/wp\/v2\/pages"}],"about":[{"href":"https:\/\/www.4blutgruppen.de\/index.php?rest_route=\/wp\/v2\/types\/page"}],"author":[{"embeddable":true,"href":"https:\/\/www.4blutgruppen.de\/index.php?rest_route=\/wp\/v2\/users\/3"}],"replies":[{"embeddable":true,"href":"https:\/\/www.4blutgruppen.de\/index.php?rest_route=%2Fwp%2Fv2%2Fcomments&post=2099"}],"version-history":[{"count":3,"href":"https:\/\/www.4blutgruppen.de\/index.php?rest_route=\/wp\/v2\/pages\/2099\/revisions"}],"predecessor-version":[{"id":2120,"href":"https:\/\/www.4blutgruppen.de\/index.php?rest_route=\/wp\/v2\/pages\/2099\/revisions\/2120"}],"wp:attachment":[{"href":"https:\/\/www.4blutgruppen.de\/index.php?rest_route=%2Fwp%2Fv2%2Fmedia&parent=2099"}],"curies":[{"name":"wp","href":"https:\/\/api.w.org\/{rel}","templated":true}]}}