{"id":1292,"date":"2014-02-27T20:09:22","date_gmt":"2014-02-27T18:09:22","guid":{"rendered":"http:\/\/www.4blutgruppen.de\/?page_id=1292"},"modified":"2020-06-10T09:24:15","modified_gmt":"2020-06-10T07:24:15","slug":"genotyp-und-bluttyp-unterschied","status":"publish","type":"page","link":"https:\/\/www.4blutgruppen.de\/?page_id=1292","title":{"rendered":"GenoTyp und BlutTyp &#8211; Unterschied"},"content":{"rendered":"<p lang=\"de-DE\"><b>GenoTyp und BlutTyp: Was ist der Unterschied?<\/b><\/p>\n<p lang=\"de-DE\">Beide Ern\u00e4hrungsweisen sind individualisierte Gesundheitspl\u00e4ne, die sich an Ihrer spezifischen Biologie und Ihren einzigartigen gesundheitlichen Bed\u00fcrfnissen orientieren. Und beide h\u00e4ngen gewisserma\u00dfen von Ihrem genetischen Erbe ab.<\/p>\n<p lang=\"de-DE\">Die Blutgruppen-B\u00fccher sind nach wie vor noch zutreffend. Aber in den elf Jahren, seit D\u00b4Adamo das erste dieser B\u00fccher ver\u00f6ffentlichte, hat er weiter geforscht und noch viel mehr \u00fcber dar\u00fcber gefunden, wie unser K\u00f6rper arbeitet. Die GenoTyp Ern\u00e4hrung verfeinert, komplettiert und pr\u00e4zisiert das Verst\u00e4ndnis \u00fcber den menschlichen K\u00f6rper, mehr als es die Blutgruppe alleine tut. Wenn Sie Ihre Blutgruppe kennen, k\u00f6nnen Sie diese Informationen nat\u00fcrlich mit einbeziehen, wenn Sie Ihren GenoTyp feststellen.<\/p>\n<p lang=\"de-DE\"><span style=\"font-family: Arial,sans-serif;\"><span style=\"font-size: small;\">Ihre Blutgruppe wird bestimmt durch ein Gen \u2013 ein Gen von ungef\u00e4hr 30.000!<\/span><\/span><\/p>\n<p lang=\"de-DE\"><span style=\"font-family: Arial,sans-serif;\"><span style=\"font-size: small;\">Dass einzelne Marker uns eine au\u00dferordentliche Menge n\u00fctzlicher Informationen geben, k\u00f6nnen Millionen von Menschen die sich nach der Blutgruppe ern\u00e4hren, best\u00e4tigen. Die GenoTyp Ern\u00e4hrung spiegelt die Aktivit\u00e4t von vielen anderen Genen, nicht nur die eine der Blutgruppe. Die Blutgruppe ist ein wichtiger Aspekt des GenoTyps, aber sie ist nicht das einzige Gen, das wichtig ist.<\/span><\/span><\/p>\n<p lang=\"de-DE\"><span style=\"font-family: Arial,sans-serif;\"><span style=\"font-size: small;\">Anders als die Blutgruppen Ern\u00e4hrung, reflektiert die GenoTyp Ern\u00e4hrung Genetik und Epigenetic \u2013 der Interaktion zwischen Ihren Genen und der Umwelt. Diese breitere Basis der Information erlaubt uns, ausf\u00fchrlichere und flexiblere Ern\u00e4hrungsweisen zu bekommen, die besser ausgerichtet sind auf Ihre Biologie und Ihr Naturell.<\/span><\/span><\/p>\n<p lang=\"de-DE\"><span style=\"font-family: Arial,sans-serif;\"><span style=\"font-size: small;\">Die GenoTyp Ern\u00e4hrung erm\u00f6glicht es, Ihnen eine gr\u00f6\u00dfere Auswahl von Nahrungsmitteln anzubieten. In den vorhergehenden B\u00fccher von D\u00b4Adamo betonte er z.B. dass Menschen mit Blutgruppe A im Allgemeinen Rotes Fleisch vermeiden sollten. Dies war f\u00fcr viele auch zutreffend. Aber jetzt stellte sich heraus, dass f\u00fcr Menschen mit der Blutgruppe A, die den GenoTyp \u201eForscher\u201c haben, es f\u00f6rderlich sein kann, etwas rotes Fleisch zu essen. Andererseits ist es f\u00fcr Blutgruppe A mit dem GenoTyp \u201eLehrer\u201c oder \u201eKrieger\u201c besser, rotes Fleisch zu vermeiden, wie D\u00b4Adamo es auch vorher bereits empfahl. Das Arbeiten mit den sechs GenoTypen erlaubt eine gr\u00f6\u00dfere Spezifit\u00e4t und Flexibilit\u00e4t. <\/span><\/span><\/p>\n<p lang=\"de-DE\"><span style=\"font-family: Arial,sans-serif;\"><span style=\"font-size: small;\">Die Auffassung der Blutgruppen Ern\u00e4hrung besagt, dass Sie mit dieser Ern\u00e4hrung Ihr ganzes Leben lang beibehalten sollten. Schlie\u00dflich \u00e4ndert sich Ihre Blutgruppe nicht! Ihr GenoTyp \u00e4ndert sich auch nicht, aber da diese Ern\u00e4hrung nicht nur Ihre Gene sondern auch Ihre Gen-Reaktion in Bezug auf Ern\u00e4hrung und Umwelt spiegelt, l\u00e4sst dies mehr Flexibilit\u00e4t zu. Je besser Sie das ganze steuern \u2013 indem Sie die \u201erichtigen\u201c Gene aktivieren und die \u201efalschen\u201c ruhig stellen \u2013 k\u00f6nnen Sie alles ein bisschen lockerer laufen lassen. Sobald die \u201efalschen\u201c Gene ruhig gestellt sind, k\u00f6nnen einige Nahrungsmittel wieder gegessen werden, die vorher nicht zugelassen waren. Wenn der angesammelte Schaden Ihrer Zellen aufgehoben ist, k\u00f6nnen Sie es sich leisten, auch einige Sachen zu essen, die fr\u00fcher Probleme verursachen konnten.<\/span><\/span><\/p>\n<p lang=\"de-DE\"><span style=\"font-family: Arial,sans-serif;\"><span style=\"font-size: small;\">Quelle: The GenoType Diet: Prologue. XXV<\/span><\/span><\/p>\n<p lang=\"de-DE\"><a title=\"Leben ver\u00e4ndern\" href=\"https:\/\/www.4blutgruppen.de\/moeglichkeiten-unser-leben-zu-veraendern\/\" target=\"_blank\" rel=\"noopener noreferrer\">M\u00f6glichkeiten unser Leben zu ver\u00e4ndern<\/a><\/p>\n<p lang=\"de-DE\">weitere Info \u00fcber GenoTyp Ern\u00e4hrung unter <a title=\"GenoTyp Ern\u00e4hrung\" href=\"https:\/\/www.geno-typing.ch\" target=\"_blank\" rel=\"noopener noreferrer\">www.geno-typing.ch<\/a><\/p>\n","protected":false},"excerpt":{"rendered":"<p>GenoTyp und BlutTyp: Was ist der Unterschied? Beide Ern\u00e4hrungsweisen sind individualisierte Gesundheitspl\u00e4ne, die sich an Ihrer spezifischen Biologie und Ihren einzigartigen gesundheitlichen Bed\u00fcrfnissen orientieren. Und beide h\u00e4ngen gewisserma\u00dfen von Ihrem genetischen Erbe ab. Die Blutgruppen-B\u00fccher sind nach wie vor noch &hellip;<\/p>\n<p class=\"read-more\"> <a class=\"more-link\" href=\"https:\/\/www.4blutgruppen.de\/?page_id=1292\"> <span class=\"screen-reader-text\">GenoTyp und BlutTyp &#8211; Unterschied<\/span> Read More &raquo;<\/a><\/p>\n","protected":false},"author":3,"featured_media":0,"parent":0,"menu_order":0,"comment_status":"closed","ping_status":"closed","template":"content-sidebar-page.php","meta":{"footnotes":""},"class_list":["post-1292","page","type-page","status-publish","hentry"],"_links":{"self":[{"href":"https:\/\/www.4blutgruppen.de\/index.php?rest_route=\/wp\/v2\/pages\/1292","targetHints":{"allow":["GET"]}}],"collection":[{"href":"https:\/\/www.4blutgruppen.de\/index.php?rest_route=\/wp\/v2\/pages"}],"about":[{"href":"https:\/\/www.4blutgruppen.de\/index.php?rest_route=\/wp\/v2\/types\/page"}],"author":[{"embeddable":true,"href":"https:\/\/www.4blutgruppen.de\/index.php?rest_route=\/wp\/v2\/users\/3"}],"replies":[{"embeddable":true,"href":"https:\/\/www.4blutgruppen.de\/index.php?rest_route=%2Fwp%2Fv2%2Fcomments&post=1292"}],"version-history":[{"count":5,"href":"https:\/\/www.4blutgruppen.de\/index.php?rest_route=\/wp\/v2\/pages\/1292\/revisions"}],"predecessor-version":[{"id":2081,"href":"https:\/\/www.4blutgruppen.de\/index.php?rest_route=\/wp\/v2\/pages\/1292\/revisions\/2081"}],"wp:attachment":[{"href":"https:\/\/www.4blutgruppen.de\/index.php?rest_route=%2Fwp%2Fv2%2Fmedia&parent=1292"}],"curies":[{"name":"wp","href":"https:\/\/api.w.org\/{rel}","templated":true}]}}