{"id":1163,"date":"2014-02-23T20:18:00","date_gmt":"2014-02-23T18:18:00","guid":{"rendered":"http:\/\/www.4blutgruppen.de\/?page_id=1163"},"modified":"2020-06-10T09:26:33","modified_gmt":"2020-06-10T07:26:33","slug":"demokratie-bei-den-genen","status":"publish","type":"page","link":"https:\/\/www.4blutgruppen.de\/?page_id=1163","title":{"rendered":"Demokratie bei den Genen"},"content":{"rendered":"<p><span style=\"font-family: Arial,sans-serif;\"><span style=\"font-size: small;\">Viele von uns sind es gewohnt, unsere Gene f\u00fcr Diktatoren zu halten, f\u00fcr Tyrannen auf zellul\u00e4rer Basis, die darauf bestehen, etwas nur auf einem einzigen Weg durchzuf\u00fchren. Dieser Glaube wurde mehrere Jahrzehnte hindurch mit immer neue Geschichten gest\u00fctzt, durch die die Entdeckungen \u00fcber die Rolle der Gene in Bezug auf Gesundheit, Immunfunktion und Anf\u00e4lligkeit f\u00fcr bestimmte Krank\u00adheiten herausposaunt wurden. Wir haben \u00fcber das Brustkrebs-Gen, die Vererbung von Depressionen und neue Tests f\u00fcr \u201egenetische\u201c Krankheiten wie Chorea Huntington (Veitstanz) und Tay-Sachs-Syndrom (angeborene schwerste Intelligenzminderung mit Erblindung) gelesen. Einige neue Geschichten haben sogar darauf hingewiesen, dass Gene f\u00fcr Pers\u00f6nlichkeitsmerkmale wie Sch\u00fcchternheit oder Sensitivit\u00e4t verantwortlich sind. Dadurch konnte man leicht den Eindruck gewinnen, dass Ihre Gene Ihr Schicksal sind, unerbittliche Tyrannen, die keinen Widerspruch dulden. <\/span><\/span><\/p>\n<p><span style=\"font-family: Arial,sans-serif;\"><span style=\"font-size: small;\">Tats\u00e4chlich agieren jedoch Ihre Gene, Ihr K\u00f6rper und Ihre Umwelt alle zusammen, weniger wie in einer Diktatur sondern eher wie bei einer lebhaften Stadtratssitzung. <\/span><\/span><\/p>\n<p><span style=\"font-family: Arial,sans-serif;\"><span style=\"font-size: small;\">Da gibt es die Funktion\u00e4re auf der B\u00fchne, deren Job es ist, die Probleme zu verk\u00fcnden, die gel\u00f6st werden m\u00fcssen. Es gibt laute, aggressive, Aufmerksamkeit auf sich ziehende Leute, die immer zum Mikrofon hetzen, lange Reden halten und auf ihrem Weg beharren. Und es gibt die Menge der ruhigen, best\u00e4ndigen B\u00fcrger, die im Publikum sitzen, beobachten und warten. <\/span><\/span><\/p>\n<p><span style=\"font-family: Arial,sans-serif;\"><span style=\"font-size: small;\">Wenn alle Interessen ber\u00fccksichtigt werden, dann f\u00fchlen Sie sich gesund und vital. Ihr K\u00f6rper hat sein optimales Gewicht, Sie haben reichlich Energie und k\u00f6nnen Erk\u00e4ltungen, Grippe und schwerwiegen\u00addere Infektionen die gelegentlich auf Sie einst\u00fcrmen, gut bek\u00e4mpfen. <\/span><\/span><\/p>\n<p><span style=\"font-family: Arial,sans-serif;\"><span style=\"font-size: small;\">Aber was ist mit den anderen Zeiten, in denen Sie sich \u00fcbergewichtig und aufgedunsen f\u00fchlen, mit wenig Energie, stumpfer Haut und glanzlosem Haar? Was ist mit dem Winter, in dem Sie anscheinend eine Erk\u00e4ltung nach der anderen bekamen? Was ist mit der Warnung Ihres Arztes, dass Sie ein Kandidat f\u00fcr eine Herzerkrankung, f\u00fcr Diabetes oder f\u00fcr irgendeinen sonstigen verheerenden Zustand sein k\u00f6nnten? <\/span><\/span><\/p>\n<p><span style=\"font-family: Arial,sans-serif;\"><span style=\"font-size: small;\">Dann m\u00fcssen Sie die Stadtratssitzung ein wenig wachr\u00fctteln. Es w\u00e4re sinnvoll, Ihre Entz\u00fcndungs-Gene davon abzuhalten, zum Mikrofon zu hetzen und Ihre entz\u00fcndungshemmenden Gene dazu anzuregen, dass diese jetzt das Wort ergreifen. M\u00f6glicherweise m\u00f6chten Sie die heilenden Gene aktivieren, damit mehr wei\u00dfe Blutk\u00f6rperchen produziert werden und so Infektion bek\u00e4mpft werden. Oder m\u00f6glicherweise m\u00fcssen Sie die \u201e\u00f6konomischen\u201c Gene zum Schweigen bringen, die darauf bestehen, jede Kalorie, die Sie zu sich nehmen, zu speichern. <\/span><\/span><span style=\"font-family: Arial,sans-serif;\"><span style=\"font-size: small;\"><i>Diese<\/i><\/span><\/span><span style=\"font-family: Arial,sans-serif;\"><span style=\"font-size: small;\">Gene denken ja, dass sie Sie vor der n\u00e4chsten Hungersnot sch\u00fctzen, und wollen das unbedingt verk\u00fcnden.<\/span><\/span><span style=\"font-family: Arial,sans-serif;\"><span style=\"font-size: small;\"><i>Sie <\/i><\/span><\/span><span style=\"font-family: Arial,sans-serif;\"><span style=\"font-size: small;\">aber wissen, dass diese Gene verursachen, dass Sie an Gewicht zunehmen und Sie anf\u00e4llig machen f\u00fcr Diabetes, also m\u00fcssen Sie sie dazu bringen, sich zur\u00fcckzuziehen. <\/span><\/span><\/p>\n<p><span style=\"font-family: Arial,sans-serif;\"><span style=\"font-size: small;\">Jeder von uns hat ein sehr gro\u00dfes Repertoire m\u00f6glicher Reaktionen, die in unserem genetischen Erbe verschl\u00fcsselt sind. Unser Ziel ist es, einige Teile dieses Erbes lauter sprechen zu lassen und andere zu bitten, sich im hinteren Teil des Raumes ruhig hinzusetzen. Mit diesem Buch werden Sie erfahren, wie das geht.<\/span><\/span><\/p>\n<p><span style=\"font-family: Arial,sans-serif;\"><span style=\"font-size: small;\">Wie Sie wahrscheinlich vermuten, ist Ihre beste Strategie richtige Ern\u00e4hrung und k\u00f6rperliche Bet\u00e4tigung. Sich auf die richtige Weise zu ern\u00e4hren und richtig zu trainieren sind veranlasst die \u201erichtigen\u201c Gene zu sprechen und wird die \u201efalschen\u201c langsam dazu ermuntern, sich zu beruhigen. Aber da Sie ein einzigartiges genetisches Erbe haben \u2013 ein einzigartiges Set von \u201eFiguren\u201c, die in <\/span><\/span><span style=\"font-family: Arial,sans-serif;\"><span style=\"font-size: small;\"><i><b>Ihrer <\/b><\/i><\/span><\/span><span style=\"font-family: Arial,sans-serif;\"><span style=\"font-size: small;\">\u00a0Stadtratsitzung auftreten \u2013 brauchen Sie einen Ern\u00e4hrungs- und Trainingsplan, der f\u00fcr <\/span><\/span><span style=\"font-family: Arial,sans-serif;\"><span style=\"font-size: small;\"><i><b>Sie<\/b><\/i><\/span><\/span><span style=\"font-family: Arial,sans-serif;\"><span style=\"font-size: small;\"> richtig ist. <\/span><\/span><\/p>\n<p><span style=\"font-family: Arial,sans-serif;\"><span style=\"font-size: small;\">Die Strategien, die f\u00fcr Ihren Ehegatten, f\u00fcr Ihren Freund oder auch f\u00fcr Ihre Eltern richtig sind, k\u00f6nnten sich f\u00fcr Sie negativ auswirken, ebenso wie die Ern\u00e4hrung, die bei Ihnen eine Gewichtsabnahme Gesundheitssteigerung bewirkt, bei Ihren Lieben bewirken kann, dass sie Gewicht zulegen und ihre Vitalit\u00e4t verlieren. Eine Mode, bei der eine Gr\u00f6\u00dfe allen passt, wird selten jedem gerecht, und dasselbe trifft auch auf eine Ern\u00e4hrung zu, die f\u00fcr alle geeignet ist. Um ein optimales Funktionieren Ihrer Stadtratsitzung zu gew\u00e4hrleisten, sollten Sie sich gem\u00e4\u00df Ihrem GenoTyp ern\u00e4hren. <\/span><\/span><\/p>\n","protected":false},"excerpt":{"rendered":"<p>Viele von uns sind es gewohnt, unsere Gene f\u00fcr Diktatoren zu halten, f\u00fcr Tyrannen auf zellul\u00e4rer Basis, die darauf bestehen, etwas nur auf einem einzigen Weg durchzuf\u00fchren. Dieser Glaube wurde mehrere Jahrzehnte hindurch mit immer neue Geschichten gest\u00fctzt, durch die &hellip;<\/p>\n<p class=\"read-more\"> <a class=\"more-link\" href=\"https:\/\/www.4blutgruppen.de\/?page_id=1163\"> <span class=\"screen-reader-text\">Demokratie bei den Genen<\/span> Read More &raquo;<\/a><\/p>\n","protected":false},"author":3,"featured_media":0,"parent":0,"menu_order":0,"comment_status":"closed","ping_status":"closed","template":"","meta":{"footnotes":""},"class_list":["post-1163","page","type-page","status-publish","hentry"],"_links":{"self":[{"href":"https:\/\/www.4blutgruppen.de\/index.php?rest_route=\/wp\/v2\/pages\/1163","targetHints":{"allow":["GET"]}}],"collection":[{"href":"https:\/\/www.4blutgruppen.de\/index.php?rest_route=\/wp\/v2\/pages"}],"about":[{"href":"https:\/\/www.4blutgruppen.de\/index.php?rest_route=\/wp\/v2\/types\/page"}],"author":[{"embeddable":true,"href":"https:\/\/www.4blutgruppen.de\/index.php?rest_route=\/wp\/v2\/users\/3"}],"replies":[{"embeddable":true,"href":"https:\/\/www.4blutgruppen.de\/index.php?rest_route=%2Fwp%2Fv2%2Fcomments&post=1163"}],"version-history":[{"count":2,"href":"https:\/\/www.4blutgruppen.de\/index.php?rest_route=\/wp\/v2\/pages\/1163\/revisions"}],"predecessor-version":[{"id":2083,"href":"https:\/\/www.4blutgruppen.de\/index.php?rest_route=\/wp\/v2\/pages\/1163\/revisions\/2083"}],"wp:attachment":[{"href":"https:\/\/www.4blutgruppen.de\/index.php?rest_route=%2Fwp%2Fv2%2Fmedia&parent=1163"}],"curies":[{"name":"wp","href":"https:\/\/api.w.org\/{rel}","templated":true}]}}