{"id":1043,"date":"2014-02-16T14:20:08","date_gmt":"2014-02-16T12:20:08","guid":{"rendered":"http:\/\/www.4blutgruppen.de\/?page_id=1043"},"modified":"2014-02-27T23:14:14","modified_gmt":"2014-02-27T21:14:14","slug":"geschenk-aus-dem-meer-fucus-blasentang","status":"publish","type":"page","link":"https:\/\/www.4blutgruppen.de\/?page_id=1043","title":{"rendered":"Geschenk aus dem Meer &#8211; Fucus (Blasentang)"},"content":{"rendered":"<p>von Peter D&#8217;Adamo &amp; Gregory Kelly<\/p>\n<p><b>Volkst\u00fcmlich<br \/>\n<\/b>Die Aufzeichnungen von Fucus vesiculosus, auch \u201cBlasentang\u201d oder \u201cSeetang\u201d genannt, datieren mindestens zur\u00fcck bis in die letzte Periode des 19. Jahrhundert. Historisch gesehen nutzten die \u00c4rzte dieses Seegras bei Kropf (Schwellung des Gewebes oder der Zellen der Schilddr\u00fcse) und bei Fettleibigkeit. Ein ver\u00f6ffentlichter Kommentar durch den Jahrhundert-Arzt (Dr. J. Herbert Knapp) zeigt, dass er herausgefunden hat, dass diese Pflanze ein spezielles Heilmittel ist f\u00fcr die Basedowsche Krankheit und unkomplizierten Kropf. Nach seiner Erfahrung funktioniert Blasentang am besten bei Menschen unter 30 Jahren, f\u00fcr diese Menschen behauptet er, gibt es eine 100%ige Erfolgsrate, es ist weniger zuverl\u00e4ssig zur Normalisierung der Schilddr\u00fcsenfunktion bei Menschen \u00fcber diesem Alter.<\/p>\n<p><b>Pharmakologie<\/b><\/p>\n<p>Fucus vesiculosus enth\u00e4lt ein breites Spektrum an Polysacchariden inklusive Fucoidane und Fucane. Fucoidane sind eine Familie der mit hohem Molekulargewicht sulfatierten Polysaccharide, weit zerstreut in den Zellw\u00e4nden der braunen Meerespflanze. Die Kernregion (oder das R\u00fcckgrat) von Fucoidan besteht haupts\u00e4chlich aus einer sich wiederholenden Kette des Fucose-Zuckers. Fucose wird auch bei Zellw\u00e4nden angebracht und bildet Verzweigungspunkte an den je 2-3 Fucose \u00dcberresten innerhalb der Kette. Wie sie also ableiten k\u00f6nnen, ist Blasentang eine reiche Nahrungsmittelquelle von Fucose.<\/p>\n<p>\u00c4hnlich, wie bei den meisten Meerespflanzen, ist diese Pflanze sehr reichhaltig an Jod und anderen Mineralien. Obwohl Jod entscheidend ist f\u00fcr eine gute Gesundheit, ist es wie bei anderen Mineralien auch, zu viel muss nicht unbedingt gut sein. Mit anderen Worten: Mehr ist nicht immer besser. So ist Blasentang in einer entsprechenden Dosis zutr\u00e4glich, auch wenn man es \u00fcber einen langen Zeitraum nimmt; jedoch sollten Sie es nicht in \u00fcberm\u00e4\u00dfigen Mengen zu sich nehmen \u00fcber einen undefinierten Zeitraum hinweg (selbst wenn Sie Blutgruppe O sind).<\/p>\n<p><b>Fucus vesiculosus und Blutgruppe O: Stoffwechsel und Anti-Adh\u00e4sion Nahrung<\/b> <b><br \/>\n<\/b>In \u201e4 Blutgruppen\u201c, erw\u00e4hnt Dr. D\u00b4Adamo Fucus vesiculosus als besonders vorteilhaft f\u00fcr Blutgruppe O. Er gibt an, im Hinweis auf Blutgruppe O, dass \u201eBlasentang hilft offenbar, den tr\u00e4gen Stoffwechsel zu normalisieren und eine Gewichtsabnahme herbeizuf\u00fchren.\u201c Er erw\u00e4hnt ebenso seine F\u00e4higkeit die Schilddr\u00fcsenfunktion bei Blutgruppe O zu normalisieren, wie das Verhindern einer Haftungsf\u00e4higkeit einiger unerw\u00fcnschter Mikroorganismen (in seinem Buch nimmt er das Bakterium H.pylori als Beispiel) an den Schleimh\u00e4uten des Magen-Darm-Traktes bei Blutgruppe O.<\/p>\n<p>Es gibt wirklich einen guten Grund f\u00fcr seinen Respekt dieser Pflanze gegen\u00fcber bei Blutgruppe O. Wie Sie sich vielleicht aus &#8222;4 Blutgruppen&#8220;\u00a0erinnern, ist Fucose der Grundaufbauzucker des O-Antigens. Dinge aus der Natur (wie Lektine, Bakterien, Candida, etc.) mit einer Pr\u00e4ferenz f\u00fcr oder auf etwas \u201eS\u00fc\u00dfes\u201c wie Fucose, haben immer eine Affinit\u00e4t f\u00fcr und auch eine gr\u00f6\u00dfere Auswirkung bei Blutgruppe O Da Blasentang eine exzellente Quelle von Fucose und Fucose enthaltenden Zucker-Ketten ist, kann es viele der f\u00fcr Blutgruppe O problematischen Lektine, Bakterien und Mikroorganismen binden.<br \/>\nEins der sich entwickelnden Forschungsgebiete in Bezug zu Mikroorganismen (und Lektinen) ist die Idee der Anhaftung und Anti-Haftf\u00e4higkeit. Im Allgemeinen kann ein unerw\u00fcnschter Organismus f\u00fcr Sie nur dann zum Problem werden, wenn es sich an Ihren Zellen anhaften oder ankn\u00fcpfen kann. Lektin-Sch\u00e4den folgen einem \u00e4hnlichen Muster. Wenn Sie dieses einfache Konzept der Adh\u00e4sion erkannt haben, erkenn Sie auch die Anwendung der Anti-Haftf\u00e4higkeit oder des Blockierens von Lektinen. Die Frage ist dann, welche Nahrungsmittel stellen einen Anti-Adh\u00e4sion Vorteil f\u00fcr Ihre Blutgruppe zur Verf\u00fcgung. Eine der Antworten f\u00fcr Blutgruppe O ist Blasentang (Anmerkung: Seetang hat auch einen hohen Anteil an Fucose und ist somit eine weitere Antwort). Im Grunde kann die Fucose in Blasentang also als falscher Lockvogel dienen, so die bei Blutgruppe O unerw\u00fcnschten Umweltsch\u00e4digungen binden und ausleiten kann, bevor diese sich an das Gewebe binden oder es reizen k\u00f6nnen.<\/p>\n<p>Weil die Blutgruppen A, B und AB ebenso anhaftende Organismen enthalten (aber im Wesentlichen entsprechend weniger als bei O) f\u00fcr Fucose spezifische Lektine und Mikroorganismen, kann Blasentang auch f\u00fcr diese Blutgruppen als eine Form der Anti-Adh\u00e4sion Nahrung dienen. Jedoch haben sie auch zus\u00e4tzlichen spezifisch blockierende Zucker, die sie zur Verf\u00fcgung stellen k\u00f6nnen.<\/p>\n<p><b>Fucus vesiculosus: Antibiotische T\u00e4tigkeit<\/b> <b><br \/>\n<\/b>Die im Blasentang gefundenen Fucoidane, hemmen das Wachstum vieler unerw\u00fcnschter Bakterien und Viren. Dieses Mittel wirkt einigen Viren entgegen, inklusive Herpes-, Cytomegalo- und HIV-Viren. Blasentang verklebt auch die Zellen verschiedener Candida-Arten. Auch hat er einen toxischen Effekt auf manche E.coli-St\u00e4mme und alle St\u00e4mme von Neisseria meningitides.<\/p>\n<p>Lassen Sie uns einige spezifische Beispiele der Blasentang Forschung in der Mikrobenwelt betrachten. Die komplexen Zucker-Strukturen und andere Inhaltsstoffe die in Blasentang gefunden werden, haben eine Anti-HIV T\u00e4tigkeit. Einige der Wirkungsmechanismen lassen sich zur\u00fcckf\u00fchren in die Welt unserer \u201eAnti-Anhaftung\u201c. Da Adh\u00e4sion der Ausgangspunkt einer HIV Infektion ist, vermuten Forscher, dass das Blockieren einer solchen Anhaftung, einer HIV-1 \u00dcbertragung vorbeugen kann. In Vitro Beweise unterst\u00fctzen diese Vermutung, denn die komplexen Fucose Strukturen, die man in Blasentang findet, zeigen eine F\u00e4higkeit zur Blockierung einer HIV Adh\u00e4sion zu den Zellen. Diese gleichen blockierenden Strategien mit Fucose Zucker sind auch bei Studien \u00fcber Malaria verwendet worden, um die Verbreitung auf zus\u00e4tzliche rote Blutzellen zu verhindern. Im Wesentlichen hemmt dieser Zucker einen Angriff auf Ihre roten Blutk\u00f6rperchen durch den Malariaparasiten. Dr. D&#8217;Adamo hat geschrieben, dass Fucus vesiculosus ein spezifischer Blocker f\u00fcr H.pylori &#8212; ein Organismus, der f\u00fcr das Verursachen von Geschw\u00fcren und Gastritis &#8212; &#8211; bei Menschen der Blutgruppe O ist<\/p>\n<p>W\u00e4hrend niemand vorschl\u00e4gt, dass Blasentang als L\u00f6sung f\u00fcr HIV oder andere ansteckende Krankheiten gehalten werden sollte, k\u00f6nnte man aber die Frage erw\u00e4gen, wie sich die Form des Begriffes Medizin \u00e4ndern k\u00f6nnte, wenn wir die Blutgruppen-Strategien dazu benutzen, um HIV und andere Mikroorganismen von der Anhaftung zu den Zellen blockieren zu k\u00f6nnen. Oder, erw\u00e4gen Sie einmal die Frage, wie wir die Blutgruppen Anti-Adh\u00e4sions-Strategien einsetzen k\u00f6nnen zur Unterst\u00fctzung des herk\u00f6mmlichen Gebrauches der antibakteriellen und anti-mikrobiotischen Medikamente. Wenn Sie Blutgruppe O haben, f\u00e4ngt die Frage bereits damit an, welchen Nutzen f\u00fcr Ihre Gesundheit es mit der Einnahme dieser essbaren Meerespflanze auf sich hat.<\/p>\n<p><b>Fucus vesiculosus: Immunomodulate und entz\u00fcndungshemmende T\u00e4tigkeit <\/b><br \/>\nDie Fucose Zucker in Blasentang k\u00f6nnen das Immunsystem anregen durch die Immunreaktionen der humoralen und zellularen Arten, und indem sie die Phagozytose (Verzehr der Eindringlinge) durch Ihre Makrophagen erh\u00f6hen. Dieser gleiche komplexe Fucose Zucker bietet einige Vorteile f\u00fcr die Blutgruppe O, die eine Tendenz zu Entz\u00fcndungen hat. Im Wesentlichen blockieren sie neue Entz\u00fcndungen oder hemmen eine \u00fcberm\u00e4\u00dfige entz\u00fcndliche Immunreaktion, dort wo die Entz\u00fcndung beginnt.<\/p>\n<p><b>Fucus vesiculosus: Normalisiert den Stoffwechsel und die Schilddr\u00fcsen-Funktion <\/b><br \/>\nDer historische Gebrauch von Fucus vesiculosus war haupts\u00e4chlich als Mittel f\u00fcr die Schilddr\u00fcsenfunktion bei Kropfbildung und als Hilfsmittel bei Gewichtsverlust. Dieses ist auch heute noch der prim\u00e4re Gebrauch in der Natur-Medizin.<\/p>\n<p>\u00dcblicherweise ist die Wirkung f\u00fcr seine T\u00e4tigkeit bei Schilddr\u00fcsenproblemen bei einem zu hohen Anteil von Jod zu finden; jedoch der hohe Fucose Anteil dieser Pflanze scheint aufgrund seiner Immun- und Entz\u00fcndungsausgleichenden Effekte, f\u00fcr einen Ausgleich\/eine Optimierung der Schilddr\u00fcsenfunktion bei Blutgruppe O verantwortlich zu sein.<\/p>\n<p>Wenn Sie Blutgruppe O haben und Blasentang als Mittel f\u00fcr Ihren Stoffwechsel und Ihre Schilddr\u00fcsenfunktion einnehmen m\u00f6chten, sollten Sie wissen, dass diese Pflanze im Allgemeinen sehr langsam arbeitet. Sie sollten es mindestens \u00fcber einen Zeitraum von 3 Monaten einnehmen, aber in vielen F\u00e4llen werden die besten Resultate erzielt, wenn man Blasentang regelm\u00e4\u00dfig in niedriger Dosierung f\u00fcr ungef\u00e4hr 1 Jahr einnimmt.<\/p>\n<p>Quelle:\u00a0 <span style=\"color: #0000ff;\"><span style=\"text-decoration: underline;\"><a href=\"https:\/\/www.4yourtype.com\/fucus.asp\">https:\/\/www.4yourtype.com<\/a><\/span><\/span><\/p>\n<p>zu bestellen \u00fcber <a href=\"https:\/\/www.right4eu-germany.com\/\" target=\"_blank\">NAP4EU<\/a> in England<\/p>\n","protected":false},"excerpt":{"rendered":"<p>von Peter D&#8217;Adamo &amp; Gregory Kelly Volkst\u00fcmlich Die Aufzeichnungen von Fucus vesiculosus, auch \u201cBlasentang\u201d oder \u201cSeetang\u201d genannt, datieren mindestens zur\u00fcck bis in die letzte Periode des 19. Jahrhundert. Historisch gesehen nutzten die \u00c4rzte dieses Seegras bei Kropf (Schwellung des Gewebes &hellip;<\/p>\n<p class=\"read-more\"> <a class=\"more-link\" href=\"https:\/\/www.4blutgruppen.de\/?page_id=1043\"> <span class=\"screen-reader-text\">Geschenk aus dem Meer &#8211; Fucus (Blasentang)<\/span> Read More &raquo;<\/a><\/p>\n","protected":false},"author":3,"featured_media":0,"parent":0,"menu_order":0,"comment_status":"closed","ping_status":"closed","template":"content-sidebar-page.php","meta":{"footnotes":""},"class_list":["post-1043","page","type-page","status-publish","hentry"],"_links":{"self":[{"href":"https:\/\/www.4blutgruppen.de\/index.php?rest_route=\/wp\/v2\/pages\/1043","targetHints":{"allow":["GET"]}}],"collection":[{"href":"https:\/\/www.4blutgruppen.de\/index.php?rest_route=\/wp\/v2\/pages"}],"about":[{"href":"https:\/\/www.4blutgruppen.de\/index.php?rest_route=\/wp\/v2\/types\/page"}],"author":[{"embeddable":true,"href":"https:\/\/www.4blutgruppen.de\/index.php?rest_route=\/wp\/v2\/users\/3"}],"replies":[{"embeddable":true,"href":"https:\/\/www.4blutgruppen.de\/index.php?rest_route=%2Fwp%2Fv2%2Fcomments&post=1043"}],"version-history":[{"count":3,"href":"https:\/\/www.4blutgruppen.de\/index.php?rest_route=\/wp\/v2\/pages\/1043\/revisions"}],"predecessor-version":[{"id":1046,"href":"https:\/\/www.4blutgruppen.de\/index.php?rest_route=\/wp\/v2\/pages\/1043\/revisions\/1046"}],"wp:attachment":[{"href":"https:\/\/www.4blutgruppen.de\/index.php?rest_route=%2Fwp%2Fv2%2Fmedia&parent=1043"}],"curies":[{"name":"wp","href":"https:\/\/api.w.org\/{rel}","templated":true}]}}